6*n + 3. Let x be w(4). Let f(c) = x*v(c) + 6*j(c). Give f(-3).
-7
Let l(c) = 125 + c**2 - 339 + 131 + 133 + 19*c. Give l(-3).
2
Let q(a) = -2*a + 2. Let f = 49 - 44. Suppose l + 4*z = 17, z - 21 = -f*l - 3*z. Give q(l).
0
Let s = 31407 + -31415. Let c(i) be the first derivative of 5*i**2/2 - 1. Determine c(s).
-40
Let j(z) = 7*z**3 + z**2 + 4*z + 2. Let h be j(-1). Let d(w) = 5*w**2 - 18*w - 19. Let r(y) = y**2 - 5*y - 5. Let q(b) = -2*d(b) + 9*r(b). Give q(h).
1
Suppose 164 = o + 43. Suppose 5*a = -4*g + o, 2*g + 19 = 3*g - a. Let y(f) = -1 - g*f + 22*f + 1. Give y(-2).
4
Suppose 0 = 4*q + 4*y - 174 + 50, -4*q + 159 = -3*y. Suppose -7*d - 5*d = q. Let o(p) = 8*p + 6. Determine o(d).
-18
Suppose 0 = 5*v - 7 + 37. Let c(h) be the second derivative of -h**5/60 - h**4/4 + 8*h**3/3 + h**2 - 18*h. Let p(t) be the second derivative of c(t). Give p(v).
6
Let l(j) = -3 + 4*j**2 - 17*j - 1 + j + 17 - 5. Give l(5).
28
Let a(r) = 2*r**2 - 8*r + 5. Let f = -8247 - -8254. What is a(f)?
47
Suppose -42 = -387*y + 381*y. Let f(d) = -8*d**2 - 13172 + 2*d**3 - d**3 + 8*d + 13164. Calculate f(y).
-1
Let g be (133 - 27) + (-1 - -1). Let s = g + -82. Suppose 16*y + s = 4*y. Let t(m) = m**3 - 3*m - 2. Give t(y).
-4
Let d(p) = p**2 - 2*p - 7. Suppose -4*l + t - 33 + 48 = 0, 3 = -4*l + 3*t. Give d(l).
17
Let j(y) = -25*y - 3 - 19 - 29 - 2572*y**2 + 2571*y**2 + 8*y. Give j(-14).
-9
Let b(n) = -2*n - 9. Let z be 50/4*68/170. Suppose y - 10 = -o, 3*o = -4*y + 6*o + z. Suppose -4*w - 4*u - 32 = 0, 3*u = y*w + u + 26. Calculate b(w).
3
Let r(h) = -h**3 + 7*h**2 + 16*h + 17. Let l be r(8). Let a = 82 - l. Let y(g) = -5*g + 2 + 1 - a + 8*g. Give y(-6).
-16
Suppose -99*z = 93*z - 196*z + 232. Let w(v) = -v**2 + 50*v + 460. Calculate w(z).
-4
Let i(z) = 66*z + 30 - 10*z - 25*z - 15 - 7*z. Give i(3).
87
Let n(g) = -g**2 + 9*g + 5. Suppose 9 - 79 = -10*d. Let v be n(d). Suppose -11 - v = 5*l. Let i(k) = k**2 + 5*k - 2. What is i(l)?
4
Let p(a) = 5*a + 18. Suppose 3612*v - 3623*v - 66 = 0. What is p(v)?
-12
Suppose 4*a = -4*n + n - 24, 4*n + 32 = -2*a. Let v(m) = -m**2 + 6*m - 3. Determine v(a).
-3
Let k(c) = c**3 - 8*c**2 + 5*c + 9. Let u(l) be the second derivative of l**5/20 + 11*l**4/12 + 2*l**3 - 47*l**2/2 - 3*l - 9. Let b be u(-9). Determine k(b).
-5
Let y(o) = -o - 14. Let d = 30 + -35. What is y(d)?
-9
Let h(t) be the second derivative of 11*t**3/6 - 177*t**2 - 202*t + 3. Give h(32).
-2
Suppose 11 = -q - 3*w, -33 = -36*q + 39*q + 2*w. Let p(b) = b**3 + 11*b**2 + 3*b + 27. Determine p(q).
-6
Suppose 0 = -109*d + 61*d. Let k(s) be the third derivative of d - 1/12*s**5 + 0*s**3 + 15*s**2 - 1/24*s**4 + 0*s. What is k(-1)?
-4
Let m(x) = x**2 + 24*x - 18. Suppose 18*o + 3842 - 3446 = 0. Determine m(o).
-62
Let a = 305 - 303. Let p(l) = 5*l - 51*l**a - 5*l + 4*l + 3 + 52*l**2. Determine p(-3).
0
Suppose n = -4 - 3. Let u = -94 - -94. Let v(a) = 5*a**2 - 8 - a**2 + 2*a**2 + a**3 + u*a**2 - 8*a. What is v(n)?
-1
Let h(t) = t**2 + 12*t + 9. Let l(w) = -w**2 + 45*w - 138. Let q be l(42). Determine h(q).
9
Let v(o) = 3*o**2 - 97 + 318 - 2*o**2 + 27*o - 34 - 19. What is v(-11)?
-8
Let k(m) = m**2 - 5*m - 2. Let z be k(5). Suppose 36 = 5*v + 7*v. Let p(b) = v - 6*b**2 - 12*b - 17 + 13*b + 16. Determine p(z).
-24
Suppose 2*k + 12 = h - 0*h, 3*h + 3*k = -9. Suppose -4*o = h*l + 56, -2*l + o + 10 = 41. Let q(b) = b**2 + 18*b + 1. Give q(l).
1
Let f(b) be the second derivative of -47*b + 1/2*b**3 - 1/2*b**2 + 0. What is f(-3)?
-10
Suppose -3*j - 70 = 4*q, 505*j - 508*j - 7 = -5*q. Let s(b) = -5*b - 73. Give s(j).
-3
Let z(q) be the second derivative of -38*q + 9*q**2 + 0 - 1/12*q**4 + 7/6*q**3. Calculate z(8).
10
Suppose 97 - 111 = -7*v. Let h(q) = 445*q + 0 - 895*q - v + 452*q. Let t(o) = -o - 2. Let f be t(0). Give h(f).
-6
Let t(g) = 4*g + 35. Suppose -90*r - 200 = -65*r. Give t(r).
3
Let z(h) be the third derivative of h**6/120 + 29*h**5/60 + h**4/8 + 29*h**3/2 + 5*h**2 - 163. Calculate z(-29).
0
Suppose 2*g = 7*g - 415. Let n(p) = 2*p**3 - 5*p**2 - 8*p + 4. Let w be n(5). Let v = g - w. Let q(f) = -f**3 - 5*f**2 + 8*f + 2. Give q(v).
-10
Let t(p) = -39 - p**3 + 19*p - p - 37*p - 17*p + 21*p**2. Determine t(19).
-1
Let u(n) be the first derivative of -n**2 + 4*n - 1011. Give u(10).
-16
Let y(n) = 136*n + 7. Let o(i) = -166*i - 8. Let a(t) = -5*o(t) - 6*y(t). Give a(-2).
-30
Let n be (5/(-8)*174/(-1305))/1. Let i(u) be the third derivative of 1/120*u**6 + 0 + 1/6*u**3 - 14*u**2 + 1/60*u**5 + 0*u - n*u**4. What is i(-2)?
1
Suppose 23*m = 20*m - 30. Let t(k) = -3*k**3 - 7*k**2 + 10*k + 12. Let f(p) = 7*p**3 + 13*p**2 - 20*p - 25. Let q(w) = -2*f(w) - 5*t(w). What is q(m)?
-10
Let z = -6 + 13. Suppose -4*g + m = z, g - m + 1 = -3. Let f(x) = -x**2 + x + 1. Let u(v) = -4*v**2 + 2*v + 1. Let i(q) = f(q) - u(q). What is i(g)?
4
Let j(m) = m + 11. Let y be 342/63 - 3/7. Suppose -2*r + o - 24 = 0, -y*r + 3*o = -4*r + 17. What is j(r)?
0
Let a(d) = d**2 + 7*d + 2. Suppose 0*i + z = i, 3*z + 3 = -12. Calculate a(i).
-8
Let t(f) = -4*f**3 + 3*f + 10. Let b(u) = -8*u**3 - u**2 + 5*u + 17. Let l(z) = 30*z - 115. Let y be l(4). Let h(v) = y*t(v) - 3*b(v). Calculate h(-2).
-21
Let p(w) be the third derivative of -w**3 - 4 - 1/60*w**5 + 0*w + w**2 - 1/4*w**4. What is p(-5)?
-1
Let i(d) be the second derivative of -d**4/12 - 4*d**3/3 - 7*d**2/2 - 1613*d. Suppose -14 = 3*j + 4. What is i(j)?
5
Let u(f) = -f**2 + 3*f + 14. Let r(l) = -l**2 - 21*l + 126. Let c be r(-26). Determine u(c).
-14
Let f = -431 + 528. Let o = f - 92. Let r(j) = -5*j - 3. What is r(o)?
-28
Let m be 7 + 11/44*8. Let j(f) = 33*f - 292. Determine j(m).
5
Let p(x) = -15*x**2 + 4*x**2 - 12*x**2 + 30*x**2 - 8*x**2 - 34 - 13*x. Calculate p(-9).
2
Suppose -122*l - 598 - 1110 = 0. Let r(b) = -b + 5. Calculate r(l).
19
Let n(j) = -5*j**3 - 37*j**2 - 13*j - 21. Let g(q) = -4*q**3 - 30*q**2 - 14*q - 19. Let x(r) = 4*g(r) - 3*n(r). Calculate x(-6).
-19
Suppose c = -11*c + 96. Let j(r) = -c + 3*r**2 - 13 - 3*r + 20 - 4*r**2. Calculate j(-4).
-5
Suppose -51*i + 60*i - 27 = 0. Suppose 0 = -2*r - 4*o - 3 - 19, 3*o + 18 = -i*r. Let p(g) = 3*g**3 + g**2 + g + 1. Determine p(r).
-2
Let p(j) be the third derivative of -11*j**4/24 - j**3/6 + 35*j**2. Let q be -4 - 5/(10/(-6)). Give p(q).
10
Let h(k) = -3*k**2 + 4*k. Let d(a) = 4*a**2 - 5*a - 1. Let x = -98 - -101. Let m be ((-12)/(-18))/2 - (-11)/x. Let j(r) = m*d(r) + 5*h(r). Calculate j(4).
12
Let l(k) be the first derivative of k**4/4 + k**3 + 3*k**2/2 - 3*k + 5397. Give l(-3).
-12
Let d(x) be the second derivative of -x**3/6 - x**2/2 - 5*x - 336. Suppose 0 = -3*h - 15, -5*h - 41 = -0*c + 4*c. Calculate d(c).
3
Let t(n) = 4*n**2 + 24*n - 36. Let h(l) = l**2 - l - 13. Let d(r) = 3*h(r) - t(r). Calculate d(-27).
-3
Let w(y) be the second derivative of -y**5/120 + y**4/3 + 53*y**3/6 + 69*y. Let k(d) be the second derivative of w(d). Give k(8).
0
Suppose -6906 = -679*m + 6674. Let w(h) = -h**3 + 20*h**2 + 7*h - 8. Give w(m).
132
Let i(f) = -7*f**3 - 3*f**2 + 89*f + 24. Let v(r) = -2*r**3 + r**2 + 5*r. Let t(b) = -i(b) + 3*v(b). Give t(-12).
0
Let u(b) = -3*b - 5*b**2 - 6*b + 4 + 2 + 17 - 7. Give u(3).
-56
Let p(g) = -g**2 - 6*g - 3. Let c = 95 - 50. Suppose 0 = -76*i - 32*i + 5184. Let s = c - i. What is p(s)?
6
Let a(g) = 4*g - 25. Let m be a(6). Let y be (2 + 40 + 5 + -2)/m. Let k be ((-36)/16)/((y/48)/5). Let d(p) = p - 14. Calculate d(k).
-2
Let s(o) = -16*o + 233. Suppose -k + 0*k = 3*c - 32, k + c = 20. What is s(k)?
9
Let g(k) be the first derivative of 1/2*k**2 - 2*k + 83. Let i(x) = x**3 + 4*x**2 - 4*x + 7. Let u be i(-5). Determine g(u).
0
Let t = -368 + 142. Let l = 224 + t. Let q(h) = 3*h + 5. Determine q(l).
-1
Suppose -6 = -b - 0*b. Let k(i) = -2 + 3*i + 5 - 2 - b*i. Suppose 0 = -16*m - 5206 + 5254. Determine k(m).
-8
Let f = 13906 + -13915. Let w(n) = -n**2 - 6*n + 55. Determine w(f).
28
Let c(h) = 8*h - 175. Let t(i) = -2*i + 35. Let x(m) = 2*c(m) + 11*t(m). Let z be x(7). Let v(w) = w**3 + 6*w**2 - 7*w - 8. Determine v(z).
-8
Let t(l) = 2*l**3 + 13*l**2 + 12*l + 1. Let p = 12189 + -12194. Give t(p).
16
Let g(t) = 61*t**3 - 4*t**2 - 3*t + 12. Let x(h) = 57*h**3 - 6*h**2 - 4*h + 18. Let p(u) = 3*g(u) - 2*x(u). What is p(1)?
68
Let u(t) = t**3 - t**2 - t - 1. Let g = 472 + -471. Let 